re the prime factors of z(c)?
3, 7
Let r(u) = 27*u + 64. List the prime factors of r(9).
307
Let l(c) = c**2 + 5*c + 4. Let a be l(-4). Suppose 3*k - 3 - 15 = a. What are the prime factors of k?
2, 3
Let a(r) = r**2 + 7*r + 7. Let u be a(-9). Suppose -u = 5*n + 5*p, 2*n - 9 - 2 = 5*p. What are the prime factors of (-8)/(1 + 4/n)?
2
Let o(t) = -11*t - 2 + 13 + 13*t. What are the prime factors of o(9)?
29
Let k = -15 - -18. Suppose -k*i + 4*s = -122, 0*i = -i - s + 43. List the prime factors of i.
2, 3, 7
Let m(l) = 24*l - 27. List the prime factors of m(6).
3, 13
Let c(l) = l**2 + 7*l - 3. Let m be c(-4). Let q be (-10)/m + 4/3. What are the prime factors of 5/(-10)*(-52)/q?
13
Let b be 6*4*(-2)/(-12). What are the prime factors of b - (-1 - (-3 + 4))?
2, 3
Let f be (0 - 3) + 3/1. Let t = 2 - f. What are the prime factors of t?
2
Let n be ((-8)/10)/((-10)/25). Let t = 17 - n. List the prime factors of t.
3, 5
Suppose g = 68 - 47. What are the prime factors of g?
3, 7
Let r = 6 - 2. Suppose -r = -2*w + 4. List the prime factors of w.
2
Let n = -20 - -17. Let c(v) = 2*v**2 + v + 7. What are the prime factors of c(n)?
2, 11
Let m(c) be the first derivative of -c**3/3 - c**2/2 - c - 2. Let x be m(0). Let g(q) = -7*q + 1. List the prime factors of g(x).
2
Let r(s) = s + 3. Let j be r(-3). Suppose j*k + 45 = 3*k. Suppose k = 8*m - 3*m. What are the prime factors of m?
3
Suppose 5*u - 62 = -4*q, 5*u + 5*q - 66 = 3*q. List the prime factors of u.
2, 7
Suppose 4*l = l - 9, 0 = -4*q + 5*l - 145. What are the prime factors of (-3 - q/12)*36?
2, 3
Let s(p) = -2*p + 17. Let h = -17 - -23. List the prime factors of s(h).
5
Suppose 0 = -2*b - 3*m + 6, 3*m = -b + 4*m - 2. What are the prime factors of ((-10)/2)/(-1 - b)?
5
Let g = 12 - -10. Let y = g + -13. What are the prime factors of y?
3
Let l = 90 + -42. Suppose -3*b + 0*b = -2*w - 109, 3*w + l = b. List the prime factors of b.
3, 11
Let j = -13 - -8. Let i = -11 - 4. Let g = j - i. List the prime factors of g.
2, 5
Let p = -14 + 8. Let h(w) = w**3 + 6*w**2 - w + 7. What are the prime factors of h(p)?
13
Suppose 4*d + d - 25 = 0. Suppose 2*n - 3*p - 56 = 0, p + 50 = d*n - 77. List the prime factors of n.
5
Let g = 2 + -1. Let v = g - -1. What are the prime factors of v?
2
Let t = 15 - -7. Let x = t + -6. What are the prime factors of x?
2
Suppose -2*a = 5*i - 29, -a + 0*a - 18 = -4*i. Suppose -3*f + 30 = -i*t + 2*t, -4*f = -2*t - 40. List the prime factors of f.
2, 5
Let l = -3 - -11. List the prime factors of l.
2
List the prime factors of (28 - (0 + 4)) + 2.
2, 13
Suppose -6*f + 2*f + 22 = 2*u, -4*f + 2*u = -10. Let j(h) = -4 - 4*h + f. What are the prime factors of j(-2)?
2
Suppose 0*h - 4*h = 0. Suppose 0 = -z - h*z. Suppose -3*a + 0*a + 6 = z. What are the prime factors of a?
2
Let t(r) = -2*r**3 - 10*r**2 - 8*r - 14. Let q(h) = -5*h**3 - 29*h**2 - 23*h - 41. Let d(y) = 3*q(y) - 8*t(y). What are the prime factors of d(8)?
13
Let m(z) = -z**3 - 8*z**2 + 7*z + 18. List the prime factors of m(-9).
2, 3
Let v = 17 - 5. List the prime factors of v.
2, 3
Suppose -3*h - d = -498, 2*d = -h - 10 + 176. List the prime factors of h.
2, 83
Suppose -4*l - 5*q = -0*q - 335, -4*l + 341 = -q. Let u = l - 58. Suppose 2*a - 4*d + 6 - 34 = 0, u = 3*a - d. List the prime factors of a.
2
Let q(i) = 2*i**2 + 4*i + 3. Let z be q(-4). Suppose -84 = -4*a + a. Let p = a - z. What are the prime factors of p?
3
Suppose -b - b - 4*d + 380 = 0, -4*b - d = -725. What are the prime factors of b?
2, 3, 5
Let y be (-544)/18 - 8/(-36). Let t be ((-24)/(-10))/((-9)/y). Suppose 2*g = -0*g + 5*f + 34, -4*f = t. List the prime factors of g.
2, 3
Suppose 3*g - 27 = -2*d, g - 3*g + d + 18 = 0. Suppose 4*k - 23 - g = 0. What are the prime factors of k?
2
Let x = -22 - -44. What are the prime factors of x?
2, 11
What are the prime factors of (8/(-28))/((-2)/98)?
2, 7
Let f(g) = g**2 + 20*g + 7. What are the prime factors of f(-23)?
2, 19
Let f = -198 - -286. What are the prime factors of f?
2, 11
Let i(b) = 3*b + 2*b**2 + 0*b**2 + b**3 + 1 - 5 + 3*b**2. Let t be i(-4). Suppose -6*x + 4*x + 4 = t. List the prime factors of x.
2
Let t(r) = -r**3 - 1. Let o(a) = 2*a**3 + 6*a**2 + 8. Let i(s) = -o(s) - 3*t(s). List the prime factors of i(7).
2, 11
What are the prime factors of 8/52 + 445/65?
7
Let o(a) = -a**3 - 4*a**2 + 4*a + 1. Let r be -3 - (3 + 4/(-4)). What are the prime factors of o(r)?
2, 3
Let m = 1 + -7. Let o = m + 30. List the prime factors of o.
2, 3
Let d = -10 - -19. Let u = d + 0. List the prime factors of u.
3
Let d(g) = -g**3 + 4*g**2 + 2*g + 3. Let k be d(5). Let t = k - -27. What are the prime factors of t?
3, 5
Let x(l) = -2*l**2 - l**3 - l + 0*l**2 - 2*l**3 + l**2. Let c be x(-1). Suppose c*o - 11 = -2. What are the prime factors of o?
3
Let n(r) = 7*r**2 - 4*r + 12. What are the prime factors of n(3)?
3, 7
What are the prime factors of (0 - (-7)/1) + 2?
3
Suppose -4 = -5*y + 16. Suppose 0 = y*x - 5 - 87. List the prime factors of x.
23
List the prime factors of (1 - 85/(-15)) + (-4)/(-3).
2
Let v = 1 + 1. Suppose 2*f - v*n = -f - 186, -4*n + 310 = -5*f. What are the prime factors of 2/(-5) - f/5?
2, 3
Let l = -41 - -58. List the prime factors of l.
17
Let j = 177 + -94. List the prime factors of j.
83
Suppose 0 = -3*d - 37 + 112. List the prime factors of d.
5
What are the prime factors of 15/105 + (-2280)/(-14)?
163
Suppose 0 = -4*m + 5*m. Suppose -2*c - 2*c + 8 = m. What are the prime factors of c + -1*(-3 - 5)?
2, 5
Let y be (-1)/3 - 2/(-6). Let v = 2 - y. List the prime factors of v.
2
Let z(x) = x**3 + 5*x**2 - 6*x - 5. Let s be z(-6). What are the prime factors of 29*-1*(-7 - s)?
2, 29
Suppose u - 5*l = -0*u + 54, 3*u + 5*l = 122. Suppose -3*t + 4*t + 2 = 4*q, 3*q = 4*t - u. List the prime factors of t.
2, 7
Let t(g) = -g**3 + 8*g**2 - 2*g + 2. What are the prime factors of t(5)?
67
List the prime factors of -6*(-10 - 1)*(-2)/(-4).
3, 11
Let p(t) be the third derivative of t**5/60 + 5*t**4/24 + 5*t**3/6 - 3*t**2. List the prime factors of p(-5).
5
Suppose -311 = -3*j - 0*j + 2*h, 0 = 3*j - h - 310. Suppose -5*f = -5*l + 85, 0*l = -4*l - 3*f + j. Let p = l + -10. What are the prime factors of p?
2, 3
Let w = 6 + -4. Suppose 5*j - 31 = -w*s, -25 = -3*s - 4*j + 4. Suppose -s*g + 4*g = 11. What are the prime factors of g?
11
Let n = 60 + -30. List the prime factors of (-4)/(-5)*n/4.
2, 3
Let n(f) = 2*f - 9. Let a be n(-7). List the prime factors of a/(-5) + (-10)/(-25).
5
Let q(i) = -i**2 - 7*i + 2. Let u be q(-5). Suppose -t - 14 = -0*t + 3*z, -4*t - 32 = 4*z. Let l = t + u. What are the prime factors of l?
7
Let g = 7 + 74. What are the prime factors of g?
3
Let y(x) = -2*x - 6. Suppose 0 = 4*z + z + 40. What are the prime factors of y(z)?
2, 5
Let u = 2 + 4. Let d(j) = j - 4. List the prime factors of d(u).
2
Let h be (2 + 2)*(-15)/(-10). Suppose 4*c = h*c. Suppose c = -2*a - 4*t + 34, -3*a + 6*a - 3*t - 42 = 0. List the prime factors of a.
3, 5
List the prime factors of 37 + 2/6*3.
2, 19
Suppose -3*t = t. Suppose r - 2 - 9 = t. List the prime factors of r.
11
Suppose 3*l - 46 = -2*l + 2*j, 3*l + 3*j - 15 = 0. Suppose -4*d + l = 0, -3*o + 5*d + 24 = -2*o. What are the prime factors of o?
2, 17
Let i = 6 - -7. What are the prime factors of i?
13
Let a be 26/(-8) + 3/12. What are the prime factors of (-15)/6*2*a?
3, 5
Suppose -2*y + 3*l - 6 = -5*y, 4*l = 3*y - 13. Suppose 32 = 4*s - v - y*v, -5*s + 49 = 4*v. List the prime factors of s.
3
List the prime factors of (63/(-42))/((-2)/4).
3
Let v = -21 + 32. Let c = -4 + v. What are the prime factors of c?
7
Suppose 0 = -3*j - 6 - 9. Let y = 17 + j. List the prime factors of y.
2, 3
Suppose -16 = -4*a + 3*i, 5*i + 4 = -4*a + 5*a. Suppose c - 25 = -4*c. Suppose -9 = c*p + 1, -a*h = -3*p - 34. What are the prime factors of h?
7
What are the prime factors of 187*(4 - (6/2 + 0))?
11, 17
Let f be 8/12 + 2/(-3). Suppose f = -0*h - 5*h. Suppose h = -n + 3. What are the prime factors of n?
3
Suppose -d + 6 = p, 5*d - 19 - 51 = 5*p. Suppose -12 = -4*n + 2*c + d, 3*c + 17 = 2*n. What are the prime factors of n?
2
Let d = 47 + -21. What are the prime factors of d?
2, 13
Let q(s) = -15*s - 1. Let b be ((-4)/4)/(2/6). Let w be q(b). Suppose -w = -5*y + 16. What are the prime factors 